be the third derivative of w(i). What are the prime factors of f(-1)?
113
Let w = 518 - 466. What are the prime factors of w?
2, 13
Suppose -4*c + 3*a = -0 - 2, 0 = -3*c - 3*a + 12. What are the prime factors of (-20)/((-144)/(-76) - c)?
2, 5, 19
List the prime factors of (0 - -1) + (78014 - (-7)/((-42)/(-12))).
78017
Let w be 20/(-14)*(-7 - -14). Let a(k) = -2*k**3 + 6*k**2 + 77*k - 1. What are the prime factors of a(w)?
31, 59
Let q = -162 + 513. Suppose -52*s + 2691 - q = 0. What are the prime factors of s?
3, 5
Let t = -556 - -994. Suppose -3*z + 4*o + t = -289, 5*z - 1230 = 3*o. What are the prime factors of z?
3, 83
Let n(d) = -d**3 + d**2 - 8*d + 27. Let q(s) = -s**3 + 2*s**2 - 9*s + 27. Let k(g) = 6*n(g) - 5*q(g). List the prime factors of k(-11).
907
Let x = 7033 - -2389. What are the prime factors of x?
2, 7, 673
Let j(t) = -6*t**3 - 17*t**2 - 15*t + 9. Let c be j(-6). Suppose 4*s = 2727 - c. List the prime factors of s.
2, 3
Let f(l) = l**3 + l + 1. Suppose -5 = 5*t - 0. Let o(c) = -5*c**3 + 8*c**2 - 12*c - 8. Let s(w) = t*o(w) - 4*f(w). What are the prime factors of s(8)?
2, 17
Suppose -3*w + 3*k + 17173 = 916, -2*w - 9*k + 10882 = 0. What are the prime factors of w?
11, 17, 29
Let o be (-39 - -41)*(-2 + 6/2). Let u be 27 + (0 + 1)/1. List the prime factors of (1 - o/6) + u/3.
2, 5
Let b = 2134 + 12554. List the prime factors of b.
2, 3, 17
Let d(u) = 230*u + 7425. What are the prime factors of d(104)?
5, 6269
Suppose 0 = -4*h, k + 10*h - 850 = 8*h. Suppose 2*c = -2*g - 0*g + k, 2132 = 5*g - 2*c. List the prime factors of g.
2, 3, 71
Suppose -2*l + 5*l = 24. Let z(c) be the third derivative of c**6/120 - c**5/10 - 5*c**4/24 - 3*c**3/2 - c**2 + 20. What are the prime factors of z(l)?
79
Let o(p) = 76*p - 1238. List the prime factors of o(37).
2, 787
Suppose -20*z + 2*z - 54 = 0. Let p(y) = 164*y**2 - 6*y - 11. What are the prime factors of p(z)?
1483
Let g(n) = n + 3. Let z be g(-2). Let o be (2 - (2 - 1))*0/z. Suppose o = 3*s + u - 71, 3*s - 8*s + 113 = -u. List the prime factors of s.
23
Let o(m) = -m**2 - 3*m - 4. Let t be o(-2). What are the prime factors of t/12 + 5489/66?
83
Let s(t) be the second derivative of 3/5*t**5 + 0*t**2 + 0 + t**3 + 12*t - 1/2*t**4. What are the prime factors of s(2)?
2, 3, 7
Let b be (13 - 12)/((-5)/(-785)). Suppose -b*a + 142*a + 7125 = 0. List the prime factors of a.
5, 19
Let j(w) = -w**2 + 28*w + 10. Let v = 37 + -12. Let r be j(v). Suppose 0 = -k - r + 252. What are the prime factors of k?
167
List the prime factors of ((-21)/(-70))/((-6)/(-37956)) - (-8)/(-10).
7, 271
Suppose -4*l + 84 = -116. Let x = 55 - l. Suppose -18 = -r - x. What are the prime factors of r?
13
Suppose -3*j = 4*j - 861. Let z(c) = j - 123 - 32*c. What are the prime factors of z(-2)?
2
Let z(l) = l**3 + 11*l**2 - 4*l + 5. Suppose -4*g - 3*g = 77. Let x be z(g). Suppose x*h + 252 = 53*h. What are the prime factors of h?
3, 7
Let f(s) = s**3 - 11*s**2 + 160*s + 109. List the prime factors of f(28).
19, 23, 41
Let d(q) = q**2 - 7*q + 5. Let c be d(7). Suppose 11 - c = n. What are the prime factors of n?
2, 3
Let f = -104 - -227. Suppose 0 = -x - 2*l - 15, -7*x + l + 14 = -8*x. Let g = x + f. What are the prime factors of g?
2, 5, 11
Let g(x) = -x**3 - 11*x**2 - 3*x - 23. Let k be g(-9). Let a = k - -269. What are the prime factors of a?
3, 37
Suppose 3*j - 5241 = -5*u, 7*j = 5*u + 3*j - 5227. Suppose 3*d - u = -k, 3302 = 5*k - 3*d - 1861. List the prime factors of k.
3, 5, 23
Suppose 58*j - 1033621 = 1369173 - 824382. List the prime factors of j.
2, 11, 1237
Let w be -4 + (-2 - -2) - (9 - 15). What are the prime factors of w/5*44865/54*3?
997
Suppose -2*w = 3*b - 29966, 0 = 2*w - 373*b + 372*b - 29982. List the prime factors of w.
13, 1153
Suppose -4*i - 2076 = -5*s + s, -2*i - 8 = 0. Suppose 3*a + 5*p = s, -12*p + 13*p = a - 177. What are the prime factors of a?
5, 7
Let t(h) = 166*h**2 + 397*h - 17. List the prime factors of t(-8).
3, 2477
Let g(u) = -u**3 + 11*u**2 - 9*u - 16. Let k be g(10). Let m be ((-81)/k)/(3/18). What are the prime factors of (-7 - -8) + 0 + m?
2, 41
Let t(g) = -2*g**3 - 39*g**2 + 57*g + 841. What are the prime factors of t(-27)?
29, 353
What are the prime factors of 1044/(-1305) - 28704/(-5)?
2, 5, 7, 41
Suppose -1267*z + 4628 = -1269*z + 15200. List the prime factors of z.
2, 3, 881
Suppose -28*q = -29*q - 7. Let n be (-40)/q - 5*2/(-35). Suppose -n*t = -2*t - 508. What are the prime factors of t?
127
Let r(v) = -v**2 + 1. Let h(t) = t + 16 + t**3 - 9*t**2 - 4*t**3 + 2*t**3 - 2*t**2. Let o(w) = -h(w) + 4*r(w). List the prime factors of o(-6).
2, 3, 5
Suppose 3*w = -b - 2601, 2*b + 2601 = -2*w - w. What are the prime factors of 4/(-84)*w - 8/28?
41
Suppose 39*l + 109634 = 121*l. List the prime factors of l.
7, 191
Suppose 4*d + 4*b = -3612, -8*d - 3606 = -4*d + b. Let u = d + 1770. What are the prime factors of u?
11, 79
Let r(x) = -4181*x - 303. What are the prime factors of r(-5)?
2, 10301
What are the prime factors of (-3)/(-2) + (-663749)/(-82)?
2, 11, 23
Let u = 5649 - -7469. What are the prime factors of u?
2, 7, 937
Let h = 987 + -986. Let i(o) = -4*o + 2*o**2 + 3 + 23*o**3 + 109*o**3 - o**2. What are the prime factors of i(h)?
2, 3, 11
Let q(y) = 3*y - 9. Let i be q(8). Let d(u) = u**3 - 16*u**2 + 17*u + 10. Let v be d(i). Let r = v + 7. List the prime factors of r.
47
Let b(d) = 54*d**3 + d**2 - d - 1. Let k = 48 - 45. Suppose -n - 2 = -k*n. What are the prime factors of b(n)?
53
Let c = -244 - 15. Suppose -p = -3*k - 1190, p - 795 = 4*k - 2*k. Let x = c - k. What are the prime factors of x?
2, 17
Let f(r) = -2*r**2 + 61*r + 27. Let j be f(31). Let x(o) = -46*o + 25. List the prime factors of x(j).
11, 19
Let r(o) = -758*o + 20. Let h = 19 + -20. List the prime factors of r(h).
2, 389
Suppose 0 = -l - 3*l + 2*u + 222, -u + 159 = 3*l. Let f be (132/(-8) - -2)/((-3)/l). Suppose -53*x - f = -54*x. What are the prime factors of x?
3, 29
Suppose -3975 = 17*u - 2*u. Let c = u + 1026. What are the prime factors of c?
761
Suppose 4*w - 1529 = c + 12579, 0 = 4*c - 16. Suppose 11*r + r - w = 0. Let i = -195 + r. List the prime factors of i.
3, 11
Suppose -2*u + 8 = l - 1, 2*u = 2*l. Suppose -3*f - 23 + 35 = 0. Suppose 0 = 4*n - 3*c - l, -5*n + f*c = 1 - 4. List the prime factors of n.
3
Let n(u) = 12*u + 146. Let w be n(-12). Suppose 5*x - 1283 = -3*z, 3*z - 1279 = w*x - 3*x. List the prime factors of z.
2, 3, 71
Let o(l) = 1031*l + 3620. What are the prime factors of o(38)?
2, 3, 7, 1019
Let j(t) = 11*t + 107*t**2 - 3 - 7*t + 4 + t. Let p be j(-2). Let u = p - 228. List the prime factors of u.
191
Let d(q) = -187*q + 39. Let a = -156 + 154. What are the prime factors of d(a)?
7, 59
Let s(m) = -25*m - 5. Let k be s(-30). Let c = -535 + k. List the prime factors of c.
2, 3, 5, 7
Let i(d) = -d**3 + 12*d**2 - 34*d + 16. Let k be i(8). Suppose -b = 4*b. Suppose k = -5*s - 0 - 20, 2*f + 5*s - 240 = b. List the prime factors of f.
2, 5, 13
Let y(t) = 44*t**2 - 48*t - 57. Let b(i) = -21*i**2 + 23*i + 28. Let c(x) = -13*b(x) - 6*y(x). What are the prime factors of c(10)?
2, 3
Suppose -3*n = -15, 2*n - 64 = -4*j - 2*n. Suppose -2*y - j = -21. Suppose 50 = 10*i - y*i. What are the prime factors of i?
2, 5
Let g = -437 - -542. List the prime factors of 21252/g + 2/10*-2.
2, 101
Let o(h) = 14 + 296*h - 43 + 11 + 15. Let z be o(-1). Let a = z - -436. What are the prime factors of a?
137
Suppose 2*r = -8*n + 37508, -5*r + 8 = -9*r. List the prime factors of n.
3, 521
Suppose 5*m - 20 + 0 = 0. Let q = 53 - -15. Suppose -5*j - 255 = -3*a, -3*a = -2*a + m*j - q. What are the prime factors of a?
2, 5
Suppose -5*o - 5*h + 15331 + 29734 = 0, 3*o - 27044 = -2*h. List the prime factors of o.
2, 3, 167
Let j = 404 + -358. Suppose -4*b - 2027 = -5*u, -808 = -2*u + j*b - 43*b. List the prime factors of u.
11, 37
Suppose 3*x + 30 - 15 = 0. List the prime factors of (-5)/((-50)/(-766))*x.
383
Let k = -7 + 13. Let y(a) = 42*a - 26. Let p(f) = -119*f + 79. Let h(z) = -3*p(z) - 8*y(z). List the prime factors of h(k).
97
Let w(d) = 3*d**2 - 7*d + 21. Let t be w(8). Suppose 10 = 3*v + 2*v, -4*v = 5*q + t. Let c = -19 - q. List the prime factors of c.
2, 7
Suppose -91*y + 86*y = -50. List the prime factors of (438/10)/(-5 - (-52